git of o?
4
Let z(n) = -n**2 - 6*n - 2. Let j be z(-5). Let t(f) = -2*f - 2. Let k be t(j). What is the units digit of (1/2)/((-4)/k)?
1
Let q = 0 + 2. Suppose -59 = -3*l - 2*k, 4*l = q*k + 21 + 53. What is the units digit of l?
9
What is the units digit of 4 - 2/(-1)*16?
6
Let c = -21 + 42. What is the units digit of c?
1
Let x(t) = t + 2. Let a be x(-3). Let i be (2 + -2 - a)/1. Suppose -v = i - 11. What is the units digit of v?
0
Let m(j) = -j**3 + 7*j**2 + 11*j - 10. Let n be m(8). Suppose n = -2*y + 5*c, 5*y + 3 + 2 = 5*c. Suppose y*o = -2 + 29. What is the units digit of o?
9
Let y = 1 - -2. Suppose o = -y + 4. Suppose -19 = -4*d + o. What is the units digit of d?
5
Let s = 2 + 2. Suppose 0 = -k + s*k. What is the units digit of (k/(-3) - 1)/(-1)?
1
Let s(p) = -p**3 + 14*p**2 - 4*p + 5. Let h(d) = -d**3 + 15*d**2 - 3*d + 4. Let z(a) = -5*h(a) + 6*s(a). What is the units digit of z(8)?
2
Suppose 2*o = 0, 3*y - o - 28 = 50. What is the tens digit of y?
2
Suppose -4*w + 3*c = -481, -3*w = -c + 2*c - 377. What is the tens digit of w?
2
Let t be (-8 + 7)*1/(-1). Suppose 36 = 3*g + g. What is the units digit of t*(g + -1)/2?
4
Suppose -5*j = 5*x - 15, -5*x - 3*j - 3 + 18 = 0. Suppose m - 119 = -3*v, -v - x*v + 2*m = -142. What is the units digit of v?
8
What is the tens digit of (1 - 7)*(45/(-6) + -1)?
5
Let i be (-3 - -3) + 2 + 18. Suppose -2*j + i = 2*j. Suppose -39 = -j*m + 26. What is the tens digit of m?
1
Let g(q) = q + 7. Let u(c) = 2*c + 6. Let f(i) = 2*g(i) - 3*u(i). What is the units digit of f(-5)?
6
Let s be 2/(-7) - (-8)/28. Suppose -3*v + s*v + 66 = 0. What is the units digit of v?
2
Suppose 5*f = f + 20. Suppose -f*g + 2 = -8. Suppose -2*o = g*o - 36. What is the units digit of o?
9
Let r = -12 - -3. Let w = r + 10. What is the units digit of w?
1
What is the units digit of -2 - -8 - 3 - (-13 - -2)?
4
Let q be 2/(-4)*(2 + -2). Suppose q*d + 16 = -2*d. What is the tens digit of 2*(-9)/12*d?
1
Let w(b) = b**2 + 8*b + 5. Let x be w(-7). What is the units digit of 5/((-15)/(-24)) + x?
6
Suppose 4*a = 8*a - 76. Let f = a + -9. What is the units digit of f?
0
Suppose 2*r = t - 2*t + 3, 4*r + 1 = -3*t. What is the tens digit of (6/(-4))/(t/70)?
1
Let c(o) = -6*o + 4*o + 6*o**2 + 0*o + o**3. What is the units digit of c(-5)?
5
Let j be (-14)/(-3) + 2/(-3). Suppose -j*a + 9 = -19. What is the units digit of a?
7
Suppose -2*s + 20 = 2*s. Suppose -4*l + q = -43, s*q = 4*l - 35 - 20. What is the units digit of l?
0
What is the hundreds digit of 172/(-8)*-6 + (-2)/2?
1
Suppose 5*x - 136 = x. What is the units digit of x?
4
Suppose -4*p - 2*f = 2*f - 16, 5*p - 56 = 4*f. Suppose -14 = 3*b - 5*l + p, l - 6 = -b. What is the units digit of b?
1
Let g(z) = z**2 - 7*z + 4. Let n be g(7). Let d = 5 - n. What is the units digit of d?
1
Let w(u) = -u**2 - 5*u + 58. What is the tens digit of w(-9)?
2
Let c = 9 + -3. Suppose n - p = c, 4*p = -3*n + n. Suppose 5*j - 10 = 0, -30 = -n*f - 0*f + 5*j. What is the units digit of f?
0
Let y be (-402)/(-9) + (-3)/(-9). Let b be (-64)/(-10) - 2/5. What is the units digit of 4/3*y/b?
0
Let n = 0 + 0. Suppose 0 = q - 0*q. Suppose 5*s + 4*m - 55 = n, -s + q*s + 5*m - 18 = 0. What is the units digit of s?
7
Let k = -60 + 184. What is the hundreds digit of k?
1
Let w(q) = -9*q + 30. What is the units digit of w(-10)?
0
Suppose 3*v - 4*v + 11 = 0. Let h = 7 + v. What is the tens digit of h?
1
Suppose 3*t + 2 = 14. Let m(i) = -i**2 - 5*i - 1. Let n be m(-4). Suppose -15 = -3*w - t*j, -n*j - 15 = -6. What is the units digit of w?
9
Let o be ((-6)/10 + 14/40)*-12. Let b be 0/(-1 - (-1 + -1)). Suppose b = o*t + t - 36. What is the units digit of t?
9
Suppose -5*a + 2*t + 1462 = 0, -a = -0*a + 5*t - 287. What is the hundreds digit of a?
2
Let j = -1 - 1. Let n = j - -2. Suppose 3*t + 5*b - 2 = n, 3*t + 2*b - 8 - 9 = 0. What is the units digit of t?
9
Let t(v) be the second derivative of -7*v**3/6 + v**2 - 4*v. What is the units digit of t(-6)?
4
Suppose l + 2*u - 149 = 0, -3*l + 163 = -2*l - 5*u. What is the tens digit of l?
5
Suppose -4*r - 11 = -4*h + 21, 4*h - 8 = -2*r. What is the tens digit of (22/4)/(h/8)?
1
Let q = -6 + 18. Let f(u) = q - 2*u - 4 + u. What is the units digit of f(-7)?
5
Suppose 3*o - 35 = -2*o. Suppose -2*l - 9 = 2*p - 25, 0 = -5*l + 4*p + 4. Let v = o - l. What is the units digit of v?
3
Suppose 0 = d - 4*d - 30. Let s = 3 - d. What is the units digit of s?
3
What is the tens digit of 853*2/30 - 8/(-60)?
5
Let s = -25 - -37. Let h = s - 4. Suppose -2*f - h - 12 = -5*v, 16 = 4*v + 5*f. What is the units digit of v?
4
Suppose 19 = 3*b - 8. What is the tens digit of b - 8*3/(-6)?
1
Let o be ((-1)/2)/(1/32). Let j = -8 - o. What is the units digit of j?
8
Let i(r) = -2*r**2 - r**2 + 2*r**2 + 7 - 5*r. Suppose n + 5 = -s - 0*s, 0 = 3*n. What is the units digit of i(s)?
7
Suppose 5*h + 0*h + 5*f = 15, -5*h + 3*f = -23. Suppose 2*b + 8 = 0, -h*q = b - 2*b - 28. What is the units digit of q?
6
Let n = 346 + -244. Suppose -53 = -3*p - 5*b, 0 = -3*p + 3*b - 33 + n. What is the units digit of p?
1
Suppose -3*r - r = -5*y + 19, -y = r + 7. Let h be (44/(-10))/(r/60). Suppose -5*c + 1 = -2*o, -2*o = 3*o + 3*c - h. What is the units digit of o?
7
What is the units digit of ((-3)/(-6))/(3/1590)?
5
Let m(c) = -c**3 - 6*c**2 - 3*c - 4. Let x be m(-6). Let j = x + -6. What is the units digit of j?
8
Suppose 6*r = 5*r + 44. What is the tens digit of r?
4
Let m = -3 - -4. Let j be (3*-1 + m)*-2. Suppose 0*a = -a + 2*v + 9, v = -j*a + 9. What is the units digit of a?
3
Let d(m) = m + 1. Let a be d(4). Let w = a - 1. Suppose -5*l + 7 = 5*j - l, w*l + 23 = 5*j. What is the units digit of j?
3
Let s(l) = 5*l**2 + 9*l - 17. Let a(w) = 2*w**2 + 3*w - 6. Let r(t) = 8*a(t) - 3*s(t). Let d = 8 - 4. What is the units digit of r(d)?
7
Let m(v) = -4*v**3 + 2*v + 1. Let y be m(-1). Suppose -y*d + 6*z + 9 = 3*z, 1 = -d - 3*z. Suppose 2*w - d - 4 = 0. What is the units digit of w?
3
What is the units digit of (8/(-3))/((-6)/531)?
6
Let n(c) = c**2 + 4*c + 3. Let o = -2 - -5. Let t be 10/(3 + (o - 8)). What is the units digit of n(t)?
8
Suppose 0 = 5*w - 15 - 20. What is the units digit of w?
7
Let d = 122 - 103. What is the tens digit of d?
1
Suppose -3*b - 93 = -3*s, -4*b = 6 - 18. Suppose 2*a - 2*j + 4 = 0, 0 = -6*a + 3*a - 4*j - s. What is the units digit of -2*((-15)/a)/(-5)?
1
Suppose 5*d - 169 = 2*y, 6*y = -5*d + y + 190. What is the units digit of d?
5
Let w(p) = 2*p**2 + 3*p. Let d be w(-4). Suppose 0 = -3*o + d - 2. What is the units digit of o?
6
Suppose 0 = -3*n - 3*f - 9, 4 = n + 3*f + 9. Let t(h) = -h**2 + 2*h. Let g(a) = -3*a**2 + 5*a. Let k(b) = -2*g(b) + 5*t(b). What is the units digit of k(n)?
4
Suppose -m = 5*a - 32 - 2, 4*a - 32 = -2*m. Suppose 19 = 5*o - a. Suppose -5*t + 5*l = 8 - 58, 4*t - 49 = -o*l. What is the units digit of t?
1
Let i(c) = c**2 - 6*c + 6. Let g = -3 + 13. Suppose -g = -2*h - 0*h. What is the units digit of i(h)?
1
Suppose -277 = -57*n + 56*n. What is the tens digit of n?
7
Let v = -98 - -175. What is the units digit of v?
7
Suppose -2 - 14 = -n. Suppose 2*s - 4*r = -n, 2*r = -6*s + 3*s + 8. Suppose -8 = -s*d - 2*d. What is the units digit of d?
4
Let s(r) = -r**3 + 5*r**2 + 6*r - 12. What is the tens digit of s(5)?
1
Let p(u) = u**2 - 6*u + 3. Let k be p(6). Let y be ((-81)/(-15))/k*5. Suppose -5*v + 3*x = -80, 4*x - 11 = y. What is the units digit of v?
9
Let k(q) = 3*q**2 - 4*q - 18. What is the units digit of k(6)?
6
Let c(m) = m. Let o be c(0). Let q = 0 - o. Suppose g + q = 15. What is the tens digit of g?
1
Suppose 2*j + 12 = 5*j. Let n = 2 + j. What is the units digit of n?
6
What is the units digit of 371/9 - (-16)/(-72)?
1
Suppose 4*f - 121 = t, -3*t = 3*f + 14 - 101. What is the tens digit of f?
3
Let w(d) = d + 4. Let v be w(-4). Let a = v - -2. What is the units digit of a?
2
Suppose 3*q - q = 6. Let o be (-7)/((-21)/18) - q. What is the tens digit of (2/o)/(6/171)?
1
Let r = 4 - 0. Let h(z) = 1 + 0 + r - z. What is the units digit of h(0)?
5
Let w be (1 - 0 - 1) + 2. Let a(r) = 2*r**2 + 5*r**3 - 4*r**2 + r - 3*r**3. What is the tens digit of a(w)?
1
Let i(c) = c**3 + 7*c**2 + 2*c + 1. Let m(o) = -o**3 + 3*o**2 + 4*o - 3. Let x be m(4). What is the units digit of i(x)?
1
Sup